= -r + c, o - 2 = -r. Let v(p) = -17*p**3 - p**2 - p - 1. Calculate the remainder when 45 is divided by v(r).
13
Suppose -3*l = 5*w - 58 + 6, w = -3*l + 44. Suppose -l - 54 = -u. Calculate the remainder when u is divided by 25.
18
Suppose 5*c - 704 = -269. Suppose -2*x + 3*f + c = -118, 2*f = -2*x + 190. Calculate the remainder when x is divided by 9.
8
Let i = 21 - 18. Suppose -i = -6*t + 9. What is the remainder when t is divided by 2?
0
Suppose 6258*s - 3936 = 6254*s. Calculate the remainder when s is divided by 29.
27
Let v be 5/5*2 - -6. Let c = v - -17. Calculate the remainder when c is divided by 13.
12
Let n be 58*1*(-1)/1. Let f(j) = 2*j**3 + 4*j**2 - 11*j - 13. Let u be f(-4). Let l = u - n. Calculate the remainder when l is divided by 7.
4
Let b(a) = -a**3 - 3*a**2 + 5*a + 4. Let u be b(-4). Suppose -14*n = -u*n - 350. What is the remainder when n is divided by 7?
4
Calculate the remainder when (222*-1)/(10 + -16 + 5) is divided by 28.
26
Suppose -95 = -6*j - 5. Calculate the remainder when 464 is divided by j.
14
Let t(z) be the third derivative of z**4/8 - 8*z**3/3 - 15*z**2. What is the remainder when 48 is divided by t(11)?
14
Calculate the remainder when 62 is divided by (0 + 72/(-30))*-10.
14
Suppose h - 7*h + 2430 = 0. Suppose 5*s - h = -5*o, 2*o = 6 - 2. What is the remainder when s is divided by 16?
15
Let t(g) = 1 - 887*g**2 + 886*g**2 + 0 - 12*g**3. Calculate the remainder when 19 is divided by t(-1).
7
Let j(f) = 2*f - 70. Suppose -5*r + 483 = 4*v, 3*r = -v - 12 + 138. What is the remainder when v is divided by j(50)?
27
Let l(f) = -f**2 + 4*f + 4. Let j be l(4). Suppose j*o - 14 = 2. Calculate the remainder when (26/o)/((-1)/(-2)) is divided by 7.
6
Let g(o) = 3*o**2 + o - 4. Suppose 0*y - 2*y = -5*s + 11, y - 11 = -3*s. What is the remainder when 39 is divided by g(y)?
9
Let x = -61 + 99. Suppose -11*l + 12*l = x. Suppose -16 - 4 = -2*p. What is the remainder when l is divided by p?
8
Let d = 11 - -1. Let t(l) = l**3 + 9*l**2 + 136*l + 1056. What is the remainder when t(-8) is divided by d?
8
Suppose -5*s + 32 = -2*r, -4 + 2 = 3*r + 4*s. Let d = r - -24. Calculate the remainder when 29 is divided by ((-32)/6)/((-12)/d).
5
Suppose -4*s + 2*s + 92 = -r, -5*s - 5*r = -200. What is the remainder when 80 is divided by s?
36
Let d = -49 - -127. Calculate the remainder when d is divided by 24.
6
Suppose u = -2*h + 107, -3*h + 4*u + 160 = 5*u. What is the remainder when 0 - 2361/(-15) - (-288)/480 is divided by h?
52
Suppose -4*o + 236 = -136. Let x be o/18 - 2/12. Suppose 0 = x*g + 5*i - 185, g + i - 46 = -3*i. Calculate the remainder when g is divided by 12.
10
Let r(u) = 3*u**2 - 9*u - 59. What is the remainder when r(11) is divided by 11?
7
Let k(g) = 30*g - 14. What is the remainder when k(5) is divided by 46?
44
Suppose -4*n - 2*j = -468, n = 5*n - 5*j - 468. Suppose -3*s + 2*p = -p - 63, -p = -5*s + n. Let v = 44 - s. What is the remainder when 79 is divided by v?
19
What is the remainder when 3 is divided by (-10 - -2) + 3 + 7?
1
Suppose f - 19 = 2*m - 66, -3*m = 4*f - 65. Calculate the remainder when 56 is divided by m.
10
Suppose -3*k = -51 - 36. Let f = 1728 + -1711. What is the remainder when k is divided by f?
12
Let o(g) = -g**2 + 3*g - 5. Let q(i) = -2*i**2 + 3*i - 4. Let s(v) = 4*o(v) - 5*q(v). What is the remainder when 51 is divided by s(2)?
15
Let v = 36 - 24. Let f(t) = v*t + 60*t**2 - 1 + 4*t + 3*t - 22*t. What is the remainder when f(-1) is divided by 21?
20
Suppose 4*b + 120 = 4*f, 3*b = -4*f + 6*b + 120. Let v be 18 + -1 + (-1 - -2). Suppose x + 2 = v. Calculate the remainder when f is divided by x.
14
Suppose -2*k = -d - 45, 3*d = -0*k + k - 35. What is the remainder when 138 is divided by k?
18
Let o(b) = b + 1 - 2*b**2 + b**2 + 1. Let w(p) = p**3 - 23*p**2 + 22*p. Let l be w(22). Calculate the remainder when o(l) is divided by 2.
0
Let w = -15 + 19. Suppose 0*i + w*i - 168 = 0. What is the remainder when i is divided by 11?
9
Let l(t) = -t**3 + 4*t**2 + 4*t - 5. Let g be l(4). Suppose -5*j = 4*f - 18, 3*j = 2*f + g - 31. Calculate the remainder when 296/f + (-4)/14 is divided by 11.
9
Let m = 2927 + -2794. Calculate the remainder when m is divided by 68.
65
Calculate the remainder when 206 is divided by ((-4)/4 + 0)*-15.
11
Let j = 7 + -4. Let v be (1204/42)/(2/3). What is the remainder when 4*4/72 - v/(-9) is divided by j?
2
What is the remainder when 388 is divided by 3*(6 + (-6)/9) - 1?
13
Let q = -267 + 277. What is the remainder when 26 is divided by q?
6
Let m(d) = d**3 - 17*d**2 - 3*d + 41. Let g be m(17). What is the remainder when 153 is divided by 200/(-6)*12/g?
33
Let r = 48 - 31. Let s(f) = -f**3 - 8*f**2 + 7*f - 10. Let p be s(-9). Suppose -80 = -0*q - p*q. Calculate the remainder when r is divided by q.
7
Let o = 333 + -138. Suppose 4*m + 63 = o. Let a(k) = -22*k - 3. What is the remainder when a(-6) is divided by m?
30
Let a = 5 - 2. What is the remainder when (-2)/(-8) + 140*3/48 is divided by a?
0
Let t(d) = d**3 - 3*d**2 - 6*d + 8. Let z(a) = -a**3 - 9*a**2 + 10. What is the remainder when t(5) is divided by z(-9)?
8
Suppose 4*m - 168 = 136. Calculate the remainder when m is divided by ((-26)/3)/(5/(-15)).
24
Let d = -41 - -66. Suppose -d - 39 = -2*a. Calculate the remainder when a is divided by 17.
15
Let o be (78/65)/((-2)/(-5)). Suppose -4*s = y + 480, 0 = -2*y - 0*y - o*s - 985. What is the remainder when 1/(-4) + y/(-16) is divided by 12?
7
Suppose 5*m = -4*b + 6*m + 253, -2*b = 2*m - 124. Calculate the remainder when 127 is divided by b.
1
Let d = 261 + -257. Calculate the remainder when 7 is divided by d.
3
Suppose 3*d + 4*o = 90, 4*d + 3*o = -d + 139. What is the remainder when d is divided by 14?
12
What is the remainder when 30*(-4)/(-16)*4 is divided by (-3 + 11)/(-2)*-2?
6
Let w(z) = -12 + 5*z**2 - 6*z**2 - 15*z + 2*z. What is the remainder when 53 is divided by w(-5)?
25
What is the remainder when 359 is divided by (58/(-174))/(2/(-42))?
2
Let h = 159 - 60. Suppose -3*c - 2*c - 4*g = 165, 3*g = -5*c - 170. Let m = c + 62. Calculate the remainder when h is divided by m.
24
Let y(q) be the second derivative of 11*q**3/6 - q**2 + 32*q. What is the remainder when y(1) is divided by 7?
2
Let q = -100 - -175. Let o = -748 + 767. Calculate the remainder when q is divided by o.
18
Let m = 14 - 12. Suppose -8*s = -7*s - m. Suppose 3*g - 82 = -5*x, -s*x = -4*g - 0*g - 38. What is the remainder when 50 is divided by x?
16
Suppose -2*r - 71 = -41. Let f = r - -28. What is the remainder when 35 is divided by f?
9
Suppose 0 = 4*f - 5 + 137. Let c = 51 + f. What is the remainder when 123 is divided by c?
15
Let g = 68 - 54. Calculate the remainder when 58 is divided by g.
2
Suppose -4*v + 6*v - 562 = -5*b, -4*v - 2*b + 1140 = 0. What is the remainder when v is divided by 58?
54
Let x be (1/2)/((-2)/8). Let j = 0 - x. What is the remainder when 31 is divided by j*17*(-11)/(-22)?
14
Let a(q) = -2*q**3 - 11*q**2 + 5*q - 18. Calculate the remainder when a(-7) is divided by 20.
14
Let v(g) = -g**2 + 8*g + 22. Let a be v(9). Let n = a - 0. Calculate the remainder when 62 is divided by n.
10
Let r be (244/4 + 2)/1. Suppose 2*t + 27 = r. Calculate the remainder when 50 is divided by t.
14
Let o = -129 - -271. Calculate the remainder when o is divided by 74.
68
Let i(w) = w**2 + 5*w - 26. What is the remainder when 144 is divided by i(-9)?
4
Let v(s) = 2*s - 9. Let g be 5/20 - 62/(-8). Let p(j) = 5*j - 8. What is the remainder when v(36) is divided by p(g)?
31
Let g = -611 - -627. What is the remainder when 92 is divided by g?
12
Let r = 195 + -29. Suppose -5*v - 6 + r = 0. What is the remainder when 159 is divided by v?
31
Calculate the remainder when 4/12*4*3 + 94 is divided by (-6)/(-1 - (-9)/11).
32
Let q = 55 + -27. Let n(a) be the first derivative of -a**4/4 - 7*a**3/3 + 7*a**2/2 - 6. Calculate the remainder when q is divided by n(-8).
4
Suppose -5*t = -478 + 13. What is the remainder when t is divided by 50?
43
Suppose 8*r - 3*r = -2*j + 27, j - 21 = -4*r. Let v = 9 - r. What is the remainder when 14 is divided by v?
2
Let o(b) = b**2 + 12*b - 55. What is the remainder when 36 is divided by o(-17)?
6
Let u = 28 + -20. What is the remainder when u is divided by (0 + 10/(-5))/(8/(-24